{"id":241822,"date":"2026-04-15T15:41:40","date_gmt":"2026-04-15T13:41:40","guid":{"rendered":"https:\/\/hotelarclarambla.com\/agenda\/?post_type=evento-semanal&#038;p=241822"},"modified":"2026-04-20T13:46:30","modified_gmt":"2026-04-20T11:46:30","slug":"classic-gala-vivaldi-mozart-y-mas","status":"publish","type":"evento-semanal","link":"https:\/\/hotelarclarambla.com\/agenda\/evento-semanal\/classic-gala-vivaldi-mozart-y-mas\/","title":{"rendered":"Classic Gala &#8211; Vivaldi, Mozart y m\u00e1s"},"content":{"rendered":"\n<p><strong>Classic Gala &#8211; Vivaldi, Mozart y m\u00e1s<\/strong>&nbsp;es una antolog\u00eda de m\u00fasica cl\u00e1sica que se presenta como un concierto de una hora en la hist\u00f3rica&nbsp;Bas\u00edlica de la Merc\u00e8&nbsp;de Barcelona.&nbsp;Entradas&nbsp;+1<\/p>\n\n\n\n<p>Aqu\u00ed tienes un resumen de lo que ofrece la experiencia:<\/p>\n\n\n\n<ul class=\"wp-block-list\">\n<li><strong>Int\u00e9rpretes:<\/strong>&nbsp;La m\u00fasica corre a cargo de la&nbsp;<strong>Barcelona Gala Orchestra<\/strong>, acompa\u00f1ada por una soprano y un violinista solista.<\/li>\n\n\n\n<li><strong>Repertorio principal:<\/strong>&nbsp;El programa incluye piezas ic\u00f3nicas como fragmentos de&nbsp;<em>Las cuatro estaciones<\/em>&nbsp;de Vivaldi (Primavera y Verano), el&nbsp;<em>Lacrimosa<\/em>&nbsp;del R\u00e9quiem de Mozart y el&nbsp;<em>Canon<\/em>&nbsp;de Pachelbel.<\/li>\n\n\n\n<li><strong>Otras piezas:<\/strong>&nbsp;Tambi\u00e9n se interpretan obras c\u00e9lebres de&nbsp;<strong>Bach<\/strong>&nbsp;(<em>Aria para la cuerda de sol<\/em>),&nbsp;<strong>Beethoven<\/strong>&nbsp;(<em>5\u00aa Sinfon\u00eda<\/em>),&nbsp;<strong>Schubert<\/strong>&nbsp;(<em>Ave Mar\u00eda<\/em>) y&nbsp;<strong>Ravel<\/strong>&nbsp;(<em>Bolero<\/em>).<\/li>\n\n\n\n<li><strong>Ambiente:<\/strong>&nbsp;Se destaca por la&nbsp;<strong>ac\u00fastica sublime<\/strong>&nbsp;de la bas\u00edlica barroca y un entorno \u00edntimo que no requiere c\u00f3digo de vestimenta.<\/li>\n<\/ul>\n\n\n\n<p><strong>Programa<\/strong><\/p>\n\n\n\n<ul class=\"wp-block-list\">\n<li>A. Vivaldi \u2013 Las Cuatro Estaciones (Primavera &amp; Verano)<\/li>\n\n\n\n<li>J. Pachelbel \u2013 Canon y Giga en Re mayor<\/li>\n\n\n\n<li>W. A. Mozart \u2013 R\u00e9quiem (Lacrimosa)<\/li>\n\n\n\n<li>J. S. Bach \u2013 Aria en la cuerda de sol<\/li>\n\n\n\n<li>F. Schubert \u2013 Ave Mar\u00eda<\/li>\n\n\n\n<li>W. A. Mozart \u2013 Sinfon\u00eda de Salzburgo K136 Allegro<\/li>\n\n\n\n<li>L. van Beethoven \u2013 Sinfon\u00eda n.\u00ba 5 (Allegro)<\/li>\n\n\n\n<li>G. F. H\u00e4ndel \u2013 Ombra mai fu de Xerxes<\/li>\n\n\n\n<li>W. A. Mozart \u2013 Sinfon\u00eda de Salzburgo K136 Allegro \u2013 Divertimento<\/li>\n<\/ul>\n","protected":false},"excerpt":{"rendered":"<p><strong>Bas\u00edlica de la Merc\u00e8<\/strong><br \/>\n08\/05\/2026 &#8211; 8:30 pm<br \/>\n<strong>Tickets desde 20,00\u20ac<\/strong><\/p>\n","protected":false},"featured_media":241905,"template":"","format":"standard","meta":{"_acf_changed":false,"_et_pb_use_builder":"","_et_pb_old_content":"","_et_gb_content_width":"","inline_featured_image":false},"categories":[],"class_list":["post-241822","evento-semanal","type-evento-semanal","status-publish","format-standard","has-post-thumbnail","hentry"],"acf":[],"yoast_head":"<!-- This site is optimized with the Yoast SEO plugin v27.4 - https:\/\/yoast.com\/product\/yoast-seo-wordpress\/ -->\n<title>Classic Gala - Vivaldi, Mozart y m\u00e1s 8 de mayo Barcelona | Hotel Arc La Rambla<\/title>\n<meta name=\"robots\" content=\"index, follow, max-snippet:-1, max-image-preview:large, max-video-preview:-1\" \/>\n<link rel=\"canonical\" href=\"https:\/\/hotelarclarambla.com\/agenda\/evento-semanal\/classic-gala-vivaldi-mozart-y-mas\/\" \/>\n<meta property=\"og:locale\" content=\"es_ES\" \/>\n<meta property=\"og:type\" content=\"article\" \/>\n<meta property=\"og:title\" content=\"Classic Gala - Vivaldi, Mozart y m\u00e1s 8 de mayo Barcelona | Hotel Arc La Rambla\" \/>\n<meta property=\"og:description\" content=\"Bas\u00edlica de la Merc\u00e8 08\/05\/2026 - 8:30 pm Tickets desde 20,00\u20ac\" \/>\n<meta property=\"og:url\" content=\"https:\/\/hotelarclarambla.com\/agenda\/evento-semanal\/classic-gala-vivaldi-mozart-y-mas\/\" \/>\n<meta property=\"og:site_name\" content=\"Hotel Arc La Rambla Blog\" \/>\n<meta property=\"article:modified_time\" content=\"2026-04-20T11:46:30+00:00\" \/>\n<meta property=\"og:image\" content=\"https:\/\/hotelarclarambla.com\/agenda\/wp-content\/uploads\/2026\/04\/Classic-Gala-Vivaldi-Mozart-y-mas-hotel-arc-la-rambla.webp\" \/>\n\t<meta property=\"og:image:width\" content=\"1200\" \/>\n\t<meta property=\"og:image:height\" content=\"628\" \/>\n\t<meta property=\"og:image:type\" content=\"image\/webp\" \/>\n<meta name=\"twitter:card\" content=\"summary_large_image\" \/>\n<meta name=\"twitter:label1\" content=\"Tiempo de lectura\" \/>\n\t<meta name=\"twitter:data1\" content=\"2 minutos\" \/>\n<script type=\"application\/ld+json\" class=\"yoast-schema-graph\">{\"@context\":\"https:\\\/\\\/schema.org\",\"@graph\":[{\"@type\":\"WebPage\",\"@id\":\"https:\\\/\\\/hotelarclarambla.com\\\/agenda\\\/evento-semanal\\\/classic-gala-vivaldi-mozart-y-mas\\\/\",\"url\":\"https:\\\/\\\/hotelarclarambla.com\\\/agenda\\\/evento-semanal\\\/classic-gala-vivaldi-mozart-y-mas\\\/\",\"name\":\"Classic Gala - Vivaldi, Mozart y m\u00e1s 8 de mayo Barcelona | Hotel Arc La Rambla\",\"isPartOf\":{\"@id\":\"https:\\\/\\\/hotelarclarambla.com\\\/agenda\\\/#website\"},\"primaryImageOfPage\":{\"@id\":\"https:\\\/\\\/hotelarclarambla.com\\\/agenda\\\/evento-semanal\\\/classic-gala-vivaldi-mozart-y-mas\\\/#primaryimage\"},\"image\":{\"@id\":\"https:\\\/\\\/hotelarclarambla.com\\\/agenda\\\/evento-semanal\\\/classic-gala-vivaldi-mozart-y-mas\\\/#primaryimage\"},\"thumbnailUrl\":\"https:\\\/\\\/hotelarclarambla.com\\\/agenda\\\/wp-content\\\/uploads\\\/2026\\\/04\\\/Classic-Gala-Vivaldi-Mozart-y-mas-hotel-arc-la-rambla.webp\",\"datePublished\":\"2026-04-15T13:41:40+00:00\",\"dateModified\":\"2026-04-20T11:46:30+00:00\",\"breadcrumb\":{\"@id\":\"https:\\\/\\\/hotelarclarambla.com\\\/agenda\\\/evento-semanal\\\/classic-gala-vivaldi-mozart-y-mas\\\/#breadcrumb\"},\"inLanguage\":\"es\",\"potentialAction\":[{\"@type\":\"ReadAction\",\"target\":[\"https:\\\/\\\/hotelarclarambla.com\\\/agenda\\\/evento-semanal\\\/classic-gala-vivaldi-mozart-y-mas\\\/\"]}]},{\"@type\":\"ImageObject\",\"inLanguage\":\"es\",\"@id\":\"https:\\\/\\\/hotelarclarambla.com\\\/agenda\\\/evento-semanal\\\/classic-gala-vivaldi-mozart-y-mas\\\/#primaryimage\",\"url\":\"https:\\\/\\\/hotelarclarambla.com\\\/agenda\\\/wp-content\\\/uploads\\\/2026\\\/04\\\/Classic-Gala-Vivaldi-Mozart-y-mas-hotel-arc-la-rambla.webp\",\"contentUrl\":\"https:\\\/\\\/hotelarclarambla.com\\\/agenda\\\/wp-content\\\/uploads\\\/2026\\\/04\\\/Classic-Gala-Vivaldi-Mozart-y-mas-hotel-arc-la-rambla.webp\",\"width\":1200,\"height\":628},{\"@type\":\"BreadcrumbList\",\"@id\":\"https:\\\/\\\/hotelarclarambla.com\\\/agenda\\\/evento-semanal\\\/classic-gala-vivaldi-mozart-y-mas\\\/#breadcrumb\",\"itemListElement\":[{\"@type\":\"ListItem\",\"position\":1,\"name\":\"Portada\",\"item\":\"https:\\\/\\\/hotelarclarambla.com\\\/agenda\\\/\"},{\"@type\":\"ListItem\",\"position\":2,\"name\":\"Classic Gala &#8211; Vivaldi, Mozart y m\u00e1s\"}]},{\"@type\":\"WebSite\",\"@id\":\"https:\\\/\\\/hotelarclarambla.com\\\/agenda\\\/#website\",\"url\":\"https:\\\/\\\/hotelarclarambla.com\\\/agenda\\\/\",\"name\":\"Hotel Arc La Rambla Blog\",\"description\":\"El blog de Hotel Arc\",\"potentialAction\":[{\"@type\":\"SearchAction\",\"target\":{\"@type\":\"EntryPoint\",\"urlTemplate\":\"https:\\\/\\\/hotelarclarambla.com\\\/agenda\\\/?s={search_term_string}\"},\"query-input\":{\"@type\":\"PropertyValueSpecification\",\"valueRequired\":true,\"valueName\":\"search_term_string\"}}],\"inLanguage\":\"es\"}]}<\/script>\n<!-- \/ Yoast SEO plugin. -->","yoast_head_json":{"title":"Classic Gala - Vivaldi, Mozart y m\u00e1s 8 de mayo Barcelona | Hotel Arc La Rambla","robots":{"index":"index","follow":"follow","max-snippet":"max-snippet:-1","max-image-preview":"max-image-preview:large","max-video-preview":"max-video-preview:-1"},"canonical":"https:\/\/hotelarclarambla.com\/agenda\/evento-semanal\/classic-gala-vivaldi-mozart-y-mas\/","og_locale":"es_ES","og_type":"article","og_title":"Classic Gala - Vivaldi, Mozart y m\u00e1s 8 de mayo Barcelona | Hotel Arc La Rambla","og_description":"Bas\u00edlica de la Merc\u00e8 08\/05\/2026 - 8:30 pm Tickets desde 20,00\u20ac","og_url":"https:\/\/hotelarclarambla.com\/agenda\/evento-semanal\/classic-gala-vivaldi-mozart-y-mas\/","og_site_name":"Hotel Arc La Rambla Blog","article_modified_time":"2026-04-20T11:46:30+00:00","og_image":[{"width":1200,"height":628,"url":"https:\/\/hotelarclarambla.com\/agenda\/wp-content\/uploads\/2026\/04\/Classic-Gala-Vivaldi-Mozart-y-mas-hotel-arc-la-rambla.webp","type":"image\/webp"}],"twitter_card":"summary_large_image","twitter_misc":{"Tiempo de lectura":"2 minutos"},"schema":{"@context":"https:\/\/schema.org","@graph":[{"@type":"WebPage","@id":"https:\/\/hotelarclarambla.com\/agenda\/evento-semanal\/classic-gala-vivaldi-mozart-y-mas\/","url":"https:\/\/hotelarclarambla.com\/agenda\/evento-semanal\/classic-gala-vivaldi-mozart-y-mas\/","name":"Classic Gala - Vivaldi, Mozart y m\u00e1s 8 de mayo Barcelona | Hotel Arc La Rambla","isPartOf":{"@id":"https:\/\/hotelarclarambla.com\/agenda\/#website"},"primaryImageOfPage":{"@id":"https:\/\/hotelarclarambla.com\/agenda\/evento-semanal\/classic-gala-vivaldi-mozart-y-mas\/#primaryimage"},"image":{"@id":"https:\/\/hotelarclarambla.com\/agenda\/evento-semanal\/classic-gala-vivaldi-mozart-y-mas\/#primaryimage"},"thumbnailUrl":"https:\/\/hotelarclarambla.com\/agenda\/wp-content\/uploads\/2026\/04\/Classic-Gala-Vivaldi-Mozart-y-mas-hotel-arc-la-rambla.webp","datePublished":"2026-04-15T13:41:40+00:00","dateModified":"2026-04-20T11:46:30+00:00","breadcrumb":{"@id":"https:\/\/hotelarclarambla.com\/agenda\/evento-semanal\/classic-gala-vivaldi-mozart-y-mas\/#breadcrumb"},"inLanguage":"es","potentialAction":[{"@type":"ReadAction","target":["https:\/\/hotelarclarambla.com\/agenda\/evento-semanal\/classic-gala-vivaldi-mozart-y-mas\/"]}]},{"@type":"ImageObject","inLanguage":"es","@id":"https:\/\/hotelarclarambla.com\/agenda\/evento-semanal\/classic-gala-vivaldi-mozart-y-mas\/#primaryimage","url":"https:\/\/hotelarclarambla.com\/agenda\/wp-content\/uploads\/2026\/04\/Classic-Gala-Vivaldi-Mozart-y-mas-hotel-arc-la-rambla.webp","contentUrl":"https:\/\/hotelarclarambla.com\/agenda\/wp-content\/uploads\/2026\/04\/Classic-Gala-Vivaldi-Mozart-y-mas-hotel-arc-la-rambla.webp","width":1200,"height":628},{"@type":"BreadcrumbList","@id":"https:\/\/hotelarclarambla.com\/agenda\/evento-semanal\/classic-gala-vivaldi-mozart-y-mas\/#breadcrumb","itemListElement":[{"@type":"ListItem","position":1,"name":"Portada","item":"https:\/\/hotelarclarambla.com\/agenda\/"},{"@type":"ListItem","position":2,"name":"Classic Gala &#8211; Vivaldi, Mozart y m\u00e1s"}]},{"@type":"WebSite","@id":"https:\/\/hotelarclarambla.com\/agenda\/#website","url":"https:\/\/hotelarclarambla.com\/agenda\/","name":"Hotel Arc La Rambla Blog","description":"El blog de Hotel Arc","potentialAction":[{"@type":"SearchAction","target":{"@type":"EntryPoint","urlTemplate":"https:\/\/hotelarclarambla.com\/agenda\/?s={search_term_string}"},"query-input":{"@type":"PropertyValueSpecification","valueRequired":true,"valueName":"search_term_string"}}],"inLanguage":"es"}]}},"_links":{"self":[{"href":"https:\/\/hotelarclarambla.com\/agenda\/wp-json\/wp\/v2\/evento-semanal\/241822","targetHints":{"allow":["GET"]}}],"collection":[{"href":"https:\/\/hotelarclarambla.com\/agenda\/wp-json\/wp\/v2\/evento-semanal"}],"about":[{"href":"https:\/\/hotelarclarambla.com\/agenda\/wp-json\/wp\/v2\/types\/evento-semanal"}],"wp:featuredmedia":[{"embeddable":true,"href":"https:\/\/hotelarclarambla.com\/agenda\/wp-json\/wp\/v2\/media\/241905"}],"wp:attachment":[{"href":"https:\/\/hotelarclarambla.com\/agenda\/wp-json\/wp\/v2\/media?parent=241822"}],"wp:term":[{"taxonomy":"category","embeddable":true,"href":"https:\/\/hotelarclarambla.com\/agenda\/wp-json\/wp\/v2\/categories?post=241822"}],"curies":[{"name":"wp","href":"https:\/\/api.w.org\/{rel}","templated":true}]}}

Classic Gala &#8211; Vivaldi, Mozart y más

<p><strong>Classic Gala &#8211; Vivaldi, Mozart y más</strong>&nbsp;es una antología de música clásica que se presenta como un concierto de una hora en la histórica&nbsp;Basílica de la Mercè&nbsp;de Barcelona.&nbsp;Entradas&nbsp;+1</p>



<p>Aquí tienes un resumen de lo que ofrece la experiencia:</p>



<ul class="wp-block-list">
<li><strong>Intérpretes:</strong>&nbsp;La música corre a cargo de la&nbsp;<strong>Barcelona Gala Orchestra</strong>, acompañada por una soprano y un violinista solista.</li>



<li><strong>Repertorio principal:</strong>&nbsp;El programa incluye piezas icónicas como fragmentos de&nbsp;<em>Las cuatro estaciones</em>&nbsp;de Vivaldi (Primavera y Verano), el&nbsp;<em>Lacrimosa</em>&nbsp;del Réquiem de Mozart y el&nbsp;<em>Canon</em>&nbsp;de Pachelbel.</li>



<li><strong>Otras piezas:</strong>&nbsp;También se interpretan obras célebres de&nbsp;<strong>Bach</strong>&nbsp;(<em>Aria para la cuerda de sol</em>),&nbsp;<strong>Beethoven</strong>&nbsp;(<em>5ª Sinfonía</em>),&nbsp;<strong>Schubert</strong>&nbsp;(<em>Ave María</em>) y&nbsp;<strong>Ravel</strong>&nbsp;(<em>Bolero</em>).</li>



<li><strong>Ambiente:</strong>&nbsp;Se destaca por la&nbsp;<strong>acústica sublime</strong>&nbsp;de la basílica barroca y un entorno íntimo que no requiere código de vestimenta.</li>
</ul>



<p><strong>Programa</strong></p>



<ul class="wp-block-list">
<li>A. Vivaldi – Las Cuatro Estaciones (Primavera &amp; Verano)</li>



<li>J. Pachelbel – Canon y Giga en Re mayor</li>



<li>W. A. Mozart – Réquiem (Lacrimosa)</li>



<li>J. S. Bach – Aria en la cuerda de sol</li>



<li>F. Schubert – Ave María</li>



<li>W. A. Mozart – Sinfonía de Salzburgo K136 Allegro</li>



<li>L. van Beethoven – Sinfonía n.º 5 (Allegro)</li>



<li>G. F. Händel – Ombra mai fu de Xerxes</li>



<li>W. A. Mozart – Sinfonía de Salzburgo K136 Allegro – Divertimento</li>
</ul>

<p><strong>Basílica de la Mercè</strong><br />
08/05/2026 &#8211; 8:30 pm<br />
<strong>Tickets desde 20,00€</strong></p>

<!-- This site is optimized with the Yoast SEO plugin v27.4 - https://yoast.com/product/yoast-seo-wordpress/ -->
<title>Classic Gala - Vivaldi, Mozart y más 8 de mayo Barcelona | Hotel Arc La Rambla</title>
<meta name="robots" content="index, follow, max-snippet:-1, max-image-preview:large, max-video-preview:-1" />
<link rel="canonical" href="https://hotelarclarambla.com/agenda/evento-semanal/classic-gala-vivaldi-mozart-y-mas/" />
<meta property="og:locale" content="es_ES" />
<meta property="og:type" content="article" />
<meta property="og:title" content="Classic Gala - Vivaldi, Mozart y más 8 de mayo Barcelona | Hotel Arc La Rambla" />
<meta property="og:description" content="Basílica de la Mercè 08/05/2026 - 8:30 pm Tickets desde 20,00€" />
<meta property="og:url" content="https://hotelarclarambla.com/agenda/evento-semanal/classic-gala-vivaldi-mozart-y-mas/" />
<meta property="og:site_name" content="Hotel Arc La Rambla Blog" />
<meta property="article:modified_time" content="2026-04-20T11:46:30+00:00" />
<meta property="og:image" content="https://hotelarclarambla.com/agenda/wp-content/uploads/2026/04/Classic-Gala-Vivaldi-Mozart-y-mas-hotel-arc-la-rambla.webp" />
	<meta property="og:image:width" content="1200" />
	<meta property="og:image:height" content="628" />
	<meta property="og:image:type" content="image/webp" />
<meta name="twitter:card" content="summary_large_image" />
<meta name="twitter:label1" content="Tiempo de lectura" />
	<meta name="twitter:data1" content="2 minutos" />
<script type="application/ld+json" class="yoast-schema-graph">{"@context":"https:\/\/schema.org","@graph":[{"@type":"WebPage","@id":"https:\/\/hotelarclarambla.com\/agenda\/evento-semanal\/classic-gala-vivaldi-mozart-y-mas\/","url":"https:\/\/hotelarclarambla.com\/agenda\/evento-semanal\/classic-gala-vivaldi-mozart-y-mas\/","name":"Classic Gala - Vivaldi, Mozart y más 8 de mayo Barcelona | Hotel Arc La Rambla","isPartOf":{"@id":"https:\/\/hotelarclarambla.com\/agenda\/#website"},"primaryImageOfPage":{"@id":"https:\/\/hotelarclarambla.com\/agenda\/evento-semanal\/classic-gala-vivaldi-mozart-y-mas\/#primaryimage"},"image":{"@id":"https:\/\/hotelarclarambla.com\/agenda\/evento-semanal\/classic-gala-vivaldi-mozart-y-mas\/#primaryimage"},"thumbnailUrl":"https:\/\/hotelarclarambla.com\/agenda\/wp-content\/uploads\/2026\/04\/Classic-Gala-Vivaldi-Mozart-y-mas-hotel-arc-la-rambla.webp","datePublished":"2026-04-15T13:41:40+00:00","dateModified":"2026-04-20T11:46:30+00:00","breadcrumb":{"@id":"https:\/\/hotelarclarambla.com\/agenda\/evento-semanal\/classic-gala-vivaldi-mozart-y-mas\/#breadcrumb"},"inLanguage":"es","potentialAction":[{"@type":"ReadAction","target":["https:\/\/hotelarclarambla.com\/agenda\/evento-semanal\/classic-gala-vivaldi-mozart-y-mas\/"]}]},{"@type":"ImageObject","inLanguage":"es","@id":"https:\/\/hotelarclarambla.com\/agenda\/evento-semanal\/classic-gala-vivaldi-mozart-y-mas\/#primaryimage","url":"https:\/\/hotelarclarambla.com\/agenda\/wp-content\/uploads\/2026\/04\/Classic-Gala-Vivaldi-Mozart-y-mas-hotel-arc-la-rambla.webp","contentUrl":"https:\/\/hotelarclarambla.com\/agenda\/wp-content\/uploads\/2026\/04\/Classic-Gala-Vivaldi-Mozart-y-mas-hotel-arc-la-rambla.webp","width":1200,"height":628},{"@type":"BreadcrumbList","@id":"https:\/\/hotelarclarambla.com\/agenda\/evento-semanal\/classic-gala-vivaldi-mozart-y-mas\/#breadcrumb","itemListElement":[{"@type":"ListItem","position":1,"name":"Portada","item":"https:\/\/hotelarclarambla.com\/agenda\/"},{"@type":"ListItem","position":2,"name":"Classic Gala &#8211; Vivaldi, Mozart y más"}]},{"@type":"WebSite","@id":"https:\/\/hotelarclarambla.com\/agenda\/#website","url":"https:\/\/hotelarclarambla.com\/agenda\/","name":"Hotel Arc La Rambla Blog","description":"El blog de Hotel Arc","potentialAction":[{"@type":"SearchAction","target":{"@type":"EntryPoint","urlTemplate":"https:\/\/hotelarclarambla.com\/agenda\/?s={search_term_string}"},"query-input":{"@type":"PropertyValueSpecification","valueRequired":true,"valueName":"search_term_string"}}],"inLanguage":"es"}]}</script>
<!-- / Yoast SEO plugin. -->

Classic Gala - Vivaldi, Mozart y más 8 de mayo Barcelona | Hotel Arc La Rambla

Basílica de la Mercè 08/05/2026 - 8:30 pm Tickets desde 20,00€
